{"id":249,"date":"2017-08-14T12:34:15","date_gmt":"2017-08-14T12:34:15","guid":{"rendered":"https:\/\/greenthumb.themerex.net\/?page_id=249"},"modified":"2022-03-08T23:50:55","modified_gmt":"2022-03-08T22:50:55","slug":"our-services","status":"publish","type":"page","link":"https:\/\/fabryka-ogrodow.com.pl\/?page_id=249","title":{"rendered":"Us\u0142ugi"},"content":{"rendered":"<p>[vc_row][vc_column width=&#8221;1\/4&#8243;][\/vc_column][vc_column width=&#8221;1\/2&#8243;][vc_empty_space height=&#8221;4.35em&#8221; alter_height=&#8221;none&#8221; hide_on_mobile=&#8221;&#8221;]<div id=\"sc_title_1435952006\"\n\t\tclass=\"sc_title color_style_default sc_title_default  vc_custom_1646777992759\"><h6 class=\"sc_item_subtitle sc_title_subtitle sc_align_center sc_item_title_style_default\">Nasze us\u0142ugi<\/h6><h3 class=\"sc_item_title sc_title_title sc_align_center sc_item_title_style_default\">Co dok\u0142adnie robimy?<\/h3><div class=\"sc_item_descr sc_title_descr sc_align_center\"><p>robimy wszystko!<\/p>\n<\/div><\/div><!-- \/.sc_title -->[vc_single_image image=&#8221;1274&#8243; img_size=&#8221;full&#8221; alignment=&#8221;center&#8221; css=&#8221;.vc_custom_1646779851492{margin-bottom: 60px !important;}&#8221;]<div id=\"sc_icons_1405434004\" \n\tclass=\"sc_icons sc_icons_extra sc_icons_size_medium sc_align_left  vc_custom_1646778257837\"><div class=\"sc_icons_item\"><div id=\"sc_icons_1405434004_icon-pencil\" class=\"sc_icons_icon sc_icon_type_ icon-pencil\"\n\t\t\t\t\t\t\t\t\t\t\t\t><span class=\"sc_icon_type_ icon-pencil\"><\/span><\/div>\t\t\t<div class=\"sc_icons_extra_info\">\n\t\t\t\t <h4 class=\"sc_icons_item_title\"><span>PROJEKTOWANIE:<\/span><\/h4><div class=\"sc_icons_item_description\"><span>Projekt ogrodu to najwa\u017cniejsza rzecz na etapie planowania otoczenia wok\u00f3\u0142 domu. Aby w\u0142a\u015bciciel by\u0142 w pe\u0142ni usatysfakcjonowany, a ogr\u00f3d docelowo wygl\u0105da\u0142 tak jak sobie zamarzyli\u015bmy, warto jest zasi\u0119gn\u0105\u0107 rady projektanta ogrod\u00f3w. <\/span><span>W ka\u017cdym projekcie uwzgl\u0119dniamy zar\u00f3wno estetyk\u0119 nowego za\u0142o\u017cenia, jak r\u00f3wnie\u017c koszt i dost\u0119pno\u015b\u0107 materia\u0142\u00f3w, niezb\u0119dnych do jego wykonania. Oferujemy rozwi\u0105zania, kt\u00f3re pozwol\u0105 w\u0142a\u015bcicielowi w przyjemny i praktyczny spos\u00f3b korzysta\u0107 oraz piel\u0119gnowa\u0107 sw\u00f3j nowy ogr\u00f3d.<\/span><span>Firma wykonuje projekty:<\/span><span>\u2022\togrod\u00f3w przydomowych,<\/span><span>\u2022\tteren\u00f3w zieleni publicznej,<\/span><span>\u2022\tplac\u00f3w zabaw,<\/span><span>\u2022\tzielonych dach\u00f3w,<\/span><span>\u2022\togrod\u00f3w zimowych,<\/span><span>\u2022\tnawierzchni,<\/span><span>\u2022\tsystem\u00f3w automatycznego nawadniania,<\/span><span>\u2022\to\u015bwietlenia,<\/span><span>\u2022\telement\u00f3w ma\u0142ej architektury.<\/span><span>Ponadto:<\/span><span>\u2022\trewaloryzacje i rewitalizacje zabytkowych za\u0142o\u017ce\u0144,<\/span><span>\u2022\taran\u017cacje balkon\u00f3w, taras\u00f3w, werand,<\/span><span>\u2022\tinwentaryzacje dendrologiczne.<\/span><\/div>\t\t\t<\/div>\n\t\t<\/div><div class=\"sc_icons_item\"><div id=\"sc_icons_1405434004_icon-tree-1\" class=\"sc_icons_icon sc_icon_type_ icon-tree-1\"\n\t\t\t\t\t\t\t\t\t\t\t\t><span class=\"sc_icon_type_ icon-tree-1\"><\/span><\/div>\t\t\t<div class=\"sc_icons_extra_info\">\n\t\t\t\t <h4 class=\"sc_icons_item_title\"><span>REALIZACJA:<\/span><\/h4><div class=\"sc_icons_item_description\"><span>Dzi\u0119ki naszej firmie ka\u017cdy projekt mo\u017ce zamieni\u0107 si\u0119 w r\u00f3wnie efektown\u0105 rzeczywisto\u015b\u0107. Wykonujemy tak\u017ce rewitalizacje istniej\u0105cych za\u0142o\u017ce\u0144. <\/span><span>W swojej pracy szczeg\u00f3ln\u0105 uwag\u0119 przywi\u0105zujemy do najwy\u017cszej jako\u015bci wykonywanych us\u0142ug, stosowanych materia\u0142\u00f3w i technologii. Ka\u017cd\u0105 inwestycj\u0119 traktujemy indywidualnie. <\/span><span><\/span><span>Zajmujemy si\u0119:<\/span><span>\u2022\tkszta\u0142towaniem powierzchni,<\/span><span>\u2022\tzak\u0142adaniem trawnik\u00f3w z siewu i z rolki,<\/span><span>\u2022\tsadzeniem drzew, krzew\u00f3w, bylin i pn\u0105czy, nasadzeniami du\u017cych ro\u015blin, <\/span><span>\u2022\tbudow\u0105 element\u00f3w wodnych,<\/span><span>\u2022\tma\u0142\u0105 architektur\u0105 ogrodow\u0105 (donice, pergole, treja\u017ce, murki oporowe), <\/span><span>\u2022\tzak\u0142adaniem ogrod\u00f3w skalnych,<\/span><span>\u2022\tinstalacj\u0105 system\u00f3w o\u015bwietlenia,<\/span><span>\u2022\tinstalacj\u0105 automatycznego systemu nawadniania.<\/span><\/div>\t\t\t<\/div>\n\t\t<\/div><div class=\"sc_icons_item\"><div id=\"sc_icons_1405434004_icon-sprout-1\" class=\"sc_icons_icon sc_icon_type_ icon-sprout-1\"\n\t\t\t\t\t\t\t\t\t\t\t\t><span class=\"sc_icon_type_ icon-sprout-1\"><\/span><\/div>\t\t\t<div class=\"sc_icons_extra_info\">\n\t\t\t\t <h4 class=\"sc_icons_item_title\"><span>PIEL\u0118GNACJA:<\/span><\/h4><div class=\"sc_icons_item_description\"><span>Je\u017celi chcesz aby Tw\u00f3j ogr\u00f3d napawa\u0142 Ci\u0119 dum\u0105, a ka\u017cda sp\u0119dzona w nim chwila przynosi\u0142a odpr\u0119\u017cenie i pe\u0142en relaks, konieczna jest sta\u0142a jego piel\u0119gnacja. <\/span><span>Sprawn\u0105 r\u0119k\u0105 naszych fachowc\u00f3w wspomo\u017cemy Ci\u0119 w dzia\u0142aniu i pomo\u017cemy osi\u0105gn\u0105\u0107 ten cel. Wszystkie prace wykonujemy zgodnie z zasadami sztuki ogrodowej, <\/span><span>w trosce o ka\u017cdy szczeg\u00f3\u0142.<\/span><span><\/span><span>W ramach ca\u0142orocznej piel\u0119gnacji proponujemy:<\/span><span>\u2022\tprace piel\u0119gnacyjne (ci\u0119cie, koszenie, pielenie, grabienie, itd.),<\/span><span>\u2022\twertykulacj\u0119, aeracj\u0119 i uzupe\u0142nianie ubytk\u00f3w trawnika,<\/span><span>\u2022\tnawo\u017cenie ro\u015blin, trawnika,<\/span><span>\u2022\tochron\u0119 ro\u015blin przed chorobami oraz szkodnikami (\u015brodki naturalne i chemiczne),<\/span><span>\u2022\tstrzy\u017cenie \u017cywop\u0142ot\u00f3w,<\/span><span>\u2022\twyw\u00f3z resztek organicznych,<\/span><span>\u2022\tprzygotowanie ogrodu do zimy (okrycia ro\u015blin, konserwacja system\u00f3w automatycznego nawadniania, itd.).<\/span><\/div>\t\t\t<\/div>\n\t\t<\/div><div class=\"sc_icons_item\">\t\t\t<div class=\"sc_icons_extra_info\">\n\t\t\t\t \t\t\t<\/div>\n\t\t<\/div><\/div><!-- \/.sc_icons -->[vc_single_image image=&#8221;1240&#8243; img_size=&#8221;full&#8221; alignment=&#8221;center&#8221; css=&#8221;.vc_custom_1645224886221{margin-bottom: 40px !important;}&#8221;][\/vc_column][vc_column width=&#8221;1\/4&#8243;][\/vc_column][\/vc_row]<\/p>\n","protected":false},"excerpt":{"rendered":"<p>[vc_row][vc_column width=&#8221;1\/4&#8243;][\/vc_column][vc_column width=&#8221;1\/2&#8243;][vc_empty_space height=&#8221;4.35em&#8221; alter_height=&#8221;none&#8221; hide_on_mobile=&#8221;&#8221;][vc_single_image image=&#8221;1274&#8243; img_size=&#8221;full&#8221; alignment=&#8221;center&#8221; css=&#8221;.vc_custom_1646779851492{margin-bottom: 60px !important;}&#8221;][vc_single_image image=&#8221;1240&#8243; img_size=&#8221;full&#8221; alignment=&#8221;center&#8221; css=&#8221;.vc_custom_1645224886221{margin-bottom: 40px !important;}&#8221;][\/vc_column][vc_column width=&#8221;1\/4&#8243;][\/vc_column][\/vc_row]<\/p>\n","protected":false},"author":1,"featured_media":0,"parent":0,"menu_order":0,"comment_status":"closed","ping_status":"closed","template":"","meta":{"footnotes":""},"class_list":["post-249","page","type-page","status-publish","hentry"],"yoast_head":"<!-- This site is optimized with the Yoast SEO plugin v18.4.1 - https:\/\/yoast.com\/wordpress\/plugins\/seo\/ -->\n<title>Us\u0142ugi - Fabryka Ogrod\u00f3w<\/title>\n<meta name=\"robots\" content=\"index, follow, max-snippet:-1, max-image-preview:large, max-video-preview:-1\" \/>\n<link rel=\"canonical\" href=\"https:\/\/fabryka-ogrodow.com.pl\/?page_id=249\" \/>\n<meta property=\"og:locale\" content=\"pl_PL\" \/>\n<meta property=\"og:type\" content=\"article\" \/>\n<meta property=\"og:title\" content=\"Us\u0142ugi - Fabryka Ogrod\u00f3w\" \/>\n<meta property=\"og:description\" content=\"[vc_row][vc_column width=&#8221;1\/4&#8243;][\/vc_column][vc_column width=&#8221;1\/2&#8243;][vc_empty_space height=&#8221;4.35em&#8221; alter_height=&#8221;none&#8221; hide_on_mobile=&#8221;&#8221;][vc_single_image image=&#8221;1274&#8243; img_size=&#8221;full&#8221; alignment=&#8221;center&#8221; css=&#8221;.vc_custom_1646779851492{margin-bottom: 60px !important;}&#8221;][vc_single_image image=&#8221;1240&#8243; img_size=&#8221;full&#8221; alignment=&#8221;center&#8221; css=&#8221;.vc_custom_1645224886221{margin-bottom: 40px !important;}&#8221;][\/vc_column][vc_column width=&#8221;1\/4&#8243;][\/vc_column][\/vc_row]\" \/>\n<meta property=\"og:url\" content=\"https:\/\/fabryka-ogrodow.com.pl\/?page_id=249\" \/>\n<meta property=\"og:site_name\" content=\"Fabryka Ogrod\u00f3w\" \/>\n<meta property=\"article:modified_time\" content=\"2022-03-08T22:50:55+00:00\" \/>\n<meta name=\"twitter:card\" content=\"summary_large_image\" \/>\n<meta name=\"twitter:label1\" content=\"Szacowany czas czytania\" \/>\n\t<meta name=\"twitter:data1\" content=\"4 minuty\" \/>\n<script type=\"application\/ld+json\" class=\"yoast-schema-graph\">{\"@context\":\"https:\/\/schema.org\",\"@graph\":[{\"@type\":\"WebSite\",\"@id\":\"https:\/\/fabryka-ogrodow.com.pl\/#website\",\"url\":\"https:\/\/fabryka-ogrodow.com.pl\/\",\"name\":\"Fabryka Ogrod\u00f3w\",\"description\":\"\",\"potentialAction\":[{\"@type\":\"SearchAction\",\"target\":{\"@type\":\"EntryPoint\",\"urlTemplate\":\"https:\/\/fabryka-ogrodow.com.pl\/?s={search_term_string}\"},\"query-input\":\"required name=search_term_string\"}],\"inLanguage\":\"pl-PL\"},{\"@type\":\"WebPage\",\"@id\":\"https:\/\/fabryka-ogrodow.com.pl\/?page_id=249#webpage\",\"url\":\"https:\/\/fabryka-ogrodow.com.pl\/?page_id=249\",\"name\":\"Us\u0142ugi - Fabryka Ogrod\u00f3w\",\"isPartOf\":{\"@id\":\"https:\/\/fabryka-ogrodow.com.pl\/#website\"},\"datePublished\":\"2017-08-14T12:34:15+00:00\",\"dateModified\":\"2022-03-08T22:50:55+00:00\",\"breadcrumb\":{\"@id\":\"https:\/\/fabryka-ogrodow.com.pl\/?page_id=249#breadcrumb\"},\"inLanguage\":\"pl-PL\",\"potentialAction\":[{\"@type\":\"ReadAction\",\"target\":[\"https:\/\/fabryka-ogrodow.com.pl\/?page_id=249\"]}]},{\"@type\":\"BreadcrumbList\",\"@id\":\"https:\/\/fabryka-ogrodow.com.pl\/?page_id=249#breadcrumb\",\"itemListElement\":[{\"@type\":\"ListItem\",\"position\":1,\"name\":\"Us\u0142ugi\"}]}]}<\/script>\n<!-- \/ Yoast SEO plugin. -->","yoast_head_json":{"title":"Us\u0142ugi - Fabryka Ogrod\u00f3w","robots":{"index":"index","follow":"follow","max-snippet":"max-snippet:-1","max-image-preview":"max-image-preview:large","max-video-preview":"max-video-preview:-1"},"canonical":"https:\/\/fabryka-ogrodow.com.pl\/?page_id=249","og_locale":"pl_PL","og_type":"article","og_title":"Us\u0142ugi - Fabryka Ogrod\u00f3w","og_description":"[vc_row][vc_column width=&#8221;1\/4&#8243;][\/vc_column][vc_column width=&#8221;1\/2&#8243;][vc_empty_space height=&#8221;4.35em&#8221; alter_height=&#8221;none&#8221; hide_on_mobile=&#8221;&#8221;][vc_single_image image=&#8221;1274&#8243; img_size=&#8221;full&#8221; alignment=&#8221;center&#8221; css=&#8221;.vc_custom_1646779851492{margin-bottom: 60px !important;}&#8221;][vc_single_image image=&#8221;1240&#8243; img_size=&#8221;full&#8221; alignment=&#8221;center&#8221; css=&#8221;.vc_custom_1645224886221{margin-bottom: 40px !important;}&#8221;][\/vc_column][vc_column width=&#8221;1\/4&#8243;][\/vc_column][\/vc_row]","og_url":"https:\/\/fabryka-ogrodow.com.pl\/?page_id=249","og_site_name":"Fabryka Ogrod\u00f3w","article_modified_time":"2022-03-08T22:50:55+00:00","twitter_card":"summary_large_image","twitter_misc":{"Szacowany czas czytania":"4 minuty"},"schema":{"@context":"https:\/\/schema.org","@graph":[{"@type":"WebSite","@id":"https:\/\/fabryka-ogrodow.com.pl\/#website","url":"https:\/\/fabryka-ogrodow.com.pl\/","name":"Fabryka Ogrod\u00f3w","description":"","potentialAction":[{"@type":"SearchAction","target":{"@type":"EntryPoint","urlTemplate":"https:\/\/fabryka-ogrodow.com.pl\/?s={search_term_string}"},"query-input":"required name=search_term_string"}],"inLanguage":"pl-PL"},{"@type":"WebPage","@id":"https:\/\/fabryka-ogrodow.com.pl\/?page_id=249#webpage","url":"https:\/\/fabryka-ogrodow.com.pl\/?page_id=249","name":"Us\u0142ugi - Fabryka Ogrod\u00f3w","isPartOf":{"@id":"https:\/\/fabryka-ogrodow.com.pl\/#website"},"datePublished":"2017-08-14T12:34:15+00:00","dateModified":"2022-03-08T22:50:55+00:00","breadcrumb":{"@id":"https:\/\/fabryka-ogrodow.com.pl\/?page_id=249#breadcrumb"},"inLanguage":"pl-PL","potentialAction":[{"@type":"ReadAction","target":["https:\/\/fabryka-ogrodow.com.pl\/?page_id=249"]}]},{"@type":"BreadcrumbList","@id":"https:\/\/fabryka-ogrodow.com.pl\/?page_id=249#breadcrumb","itemListElement":[{"@type":"ListItem","position":1,"name":"Us\u0142ugi"}]}]}},"_links":{"self":[{"href":"https:\/\/fabryka-ogrodow.com.pl\/index.php?rest_route=\/wp\/v2\/pages\/249","targetHints":{"allow":["GET"]}}],"collection":[{"href":"https:\/\/fabryka-ogrodow.com.pl\/index.php?rest_route=\/wp\/v2\/pages"}],"about":[{"href":"https:\/\/fabryka-ogrodow.com.pl\/index.php?rest_route=\/wp\/v2\/types\/page"}],"author":[{"embeddable":true,"href":"https:\/\/fabryka-ogrodow.com.pl\/index.php?rest_route=\/wp\/v2\/users\/1"}],"replies":[{"embeddable":true,"href":"https:\/\/fabryka-ogrodow.com.pl\/index.php?rest_route=%2Fwp%2Fv2%2Fcomments&post=249"}],"version-history":[{"count":6,"href":"https:\/\/fabryka-ogrodow.com.pl\/index.php?rest_route=\/wp\/v2\/pages\/249\/revisions"}],"predecessor-version":[{"id":1940,"href":"https:\/\/fabryka-ogrodow.com.pl\/index.php?rest_route=\/wp\/v2\/pages\/249\/revisions\/1940"}],"wp:attachment":[{"href":"https:\/\/fabryka-ogrodow.com.pl\/index.php?rest_route=%2Fwp%2Fv2%2Fmedia&parent=249"}],"curies":[{"name":"wp","href":"https:\/\/api.w.org\/{rel}","templated":true}]}}